{"id":67,"date":"2026-04-28T07:27:41","date_gmt":"2026-04-28T07:27:41","guid":{"rendered":"https:\/\/brave-fermat.178-170-8-246.plesk.page\/?page_id=67"},"modified":"2026-04-29T10:36:20","modified_gmt":"2026-04-29T10:36:20","slug":"agrements","status":"publish","type":"page","link":"https:\/\/dazzling-greider.178-170-8-246.plesk.page\/?page_id=67","title":{"rendered":"Agrements"},"content":{"rendered":"<p>[et_pb_section fb_built=&#8221;1&#8243; _builder_version=&#8221;4.27.5&#8243; _module_preset=&#8221;default&#8221; locked=&#8221;off&#8221; global_colors_info=&#8221;{}&#8221;][et_pb_row _builder_version=&#8221;4.27.5&#8243; _module_preset=&#8221;default&#8221; global_colors_info=&#8221;{}&#8221;][et_pb_column type=&#8221;4_4&#8243; _builder_version=&#8221;4.27.5&#8243; _module_preset=&#8221;default&#8221; global_colors_info=&#8221;{}&#8221;][et_pb_text _builder_version=&#8221;4.27.5&#8243; _module_preset=&#8221;default&#8221; header_font=&#8221;Cormorant Garamond|700|||||||&#8221; header_text_color=&#8221;#002420&#8243; header_font_size=&#8221;32px&#8221; hover_enabled=&#8221;0&#8243; global_colors_info=&#8221;{}&#8221; sticky_enabled=&#8221;0&#8243;]<\/p>\n<div>\n<div class=\"standard-markdown grid-cols-1 grid [&amp;_&gt;_*]:min-w-0 gap-3\">\n<h1 class=\"font-claude-response-body break-words whitespace-normal leading-[1.7]\"><strong>AGR\u00c9MENTS<\/strong><\/h1>\n<\/div>\n<\/div>\n<div>\n<div class=\"standard-markdown grid-cols-1 grid [&amp;_&gt;_*]:min-w-0 gap-3\">\n<blockquote class=\"ml-2 border-l-4 border-border-300\/10 pl-4 text-text-300\">\n<p class=\"font-claude-response-body break-words whitespace-normal leading-[1.7]\"><\/blockquote>\n<\/div>\n<\/div>\n<p>[\/et_pb_text][et_pb_text _builder_version=&#8221;4.27.5&#8243; _module_preset=&#8221;default&#8221; header_font=&#8221;Cormorant Garamond||||||||&#8221; header_text_color=&#8221;#3a3a3a&#8221; header_font_size=&#8221;17px&#8221; header_letter_spacing=&#8221;1.8px&#8221; global_colors_info=&#8221;{}&#8221;]<\/p>\n<div>\n<div class=\"standard-markdown grid-cols-1 grid [&amp;_&gt;_*]:min-w-0 gap-3\">\n<h3 class=\"font-claude-response-body break-words whitespace-normal leading-[1.7]\"><strong>ORIAS<\/strong> \u2013 Organisme pour le Registre des Interm\u00e9diaires en Assurance N\u00b0 d&#8217;immatriculation : [Num\u00e9ro] \u2013 <a class=\"underline underline underline-offset-2 decoration-1 decoration-current\/40 hover:decoration-current focus:decoration-current\" href=\"http:\/\/orias.fr\">www.orias.fr<\/a><\/h3>\n<h3 class=\"font-claude-response-body break-words whitespace-normal leading-[1.7]\"><strong><\/strong><\/h3>\n<h3 class=\"font-claude-response-body break-words whitespace-normal leading-[1.7]\"><strong>AMF<\/strong> \u2013 Autorit\u00e9 des March\u00e9s Financiers N\u00b0 d&#8217;agr\u00e9ment : [Num\u00e9ro] \u2013 <a class=\"underline underline underline-offset-2 decoration-1 decoration-current\/40 hover:decoration-current focus:decoration-current\" href=\"http:\/\/amf-france.org\">www.amf-france.org<\/a><\/h3>\n<h3 class=\"font-claude-response-body break-words whitespace-normal leading-[1.7]\"><strong><\/strong><\/h3>\n<h3 class=\"font-claude-response-body break-words whitespace-normal leading-[1.7]\"><strong>ACPR<\/strong> \u2013 Autorit\u00e9 de Contr\u00f4le Prudentiel et de R\u00e9solution N\u00b0 d&#8217;agr\u00e9ment : [Num\u00e9ro] \u2013 <a class=\"underline underline underline-offset-2 decoration-1 decoration-current\/40 hover:decoration-current focus:decoration-current\" href=\"http:\/\/acpr.banque-france.fr\">acpr.banque-france.fr<\/a><\/h3>\n<h3 class=\"font-claude-response-body break-words whitespace-normal leading-[1.7]\"><strong><\/strong><\/h3>\n<h3 class=\"font-claude-response-body break-words whitespace-normal leading-[1.7]\"><strong>CNCEF<\/strong> \u2013 Chambre Nationale des Conseils Experts Financiers N\u00b0 d&#8217;adh\u00e9sion : [Num\u00e9ro] \u2013 <a class=\"underline underline underline-offset-2 decoration-1 decoration-current\/40 hover:decoration-current focus:decoration-current\" href=\"http:\/\/cncef.org\">www.cncef.org<\/a><\/h3>\n<\/div>\n<\/div>\n<div>\n<div class=\"standard-markdown grid-cols-1 grid [&amp;_&gt;_*]:min-w-0 gap-3\">\n<blockquote class=\"ml-2 border-l-4 border-border-300\/10 pl-4 text-text-300\">\n<p class=\"font-claude-response-body break-words whitespace-normal leading-[1.7]\"><\/blockquote>\n<\/div>\n<\/div>\n<p>[\/et_pb_text][\/et_pb_column][\/et_pb_row][\/et_pb_section]<\/p>\n","protected":false},"excerpt":{"rendered":"<p>AGR\u00c9MENTS ORIAS \u2013 Organisme pour le Registre des Interm\u00e9diaires en Assurance N\u00b0 d&#8217;immatriculation : [Num\u00e9ro] \u2013 www.orias.fr AMF \u2013 Autorit\u00e9 des March\u00e9s Financiers N\u00b0 d&#8217;agr\u00e9ment : [Num\u00e9ro] \u2013 www.amf-france.org ACPR \u2013 Autorit\u00e9 de Contr\u00f4le Prudentiel et de R\u00e9solution N\u00b0 d&#8217;agr\u00e9ment : [Num\u00e9ro] \u2013 acpr.banque-france.fr CNCEF \u2013 Chambre Nationale des Conseils Experts Financiers N\u00b0 d&#8217;adh\u00e9sion : [&hellip;]<\/p>\n","protected":false},"author":1,"featured_media":0,"parent":0,"menu_order":0,"comment_status":"closed","ping_status":"closed","template":"","meta":{"_et_pb_use_builder":"on","_et_pb_old_content":"<!-- wp:divi\/placeholder \/-->","_et_gb_content_width":"","footnotes":""},"class_list":["post-67","page","type-page","status-publish","hentry"],"_links":{"self":[{"href":"https:\/\/dazzling-greider.178-170-8-246.plesk.page\/index.php?rest_route=\/wp\/v2\/pages\/67","targetHints":{"allow":["GET"]}}],"collection":[{"href":"https:\/\/dazzling-greider.178-170-8-246.plesk.page\/index.php?rest_route=\/wp\/v2\/pages"}],"about":[{"href":"https:\/\/dazzling-greider.178-170-8-246.plesk.page\/index.php?rest_route=\/wp\/v2\/types\/page"}],"author":[{"embeddable":true,"href":"https:\/\/dazzling-greider.178-170-8-246.plesk.page\/index.php?rest_route=\/wp\/v2\/users\/1"}],"replies":[{"embeddable":true,"href":"https:\/\/dazzling-greider.178-170-8-246.plesk.page\/index.php?rest_route=%2Fwp%2Fv2%2Fcomments&post=67"}],"version-history":[{"count":5,"href":"https:\/\/dazzling-greider.178-170-8-246.plesk.page\/index.php?rest_route=\/wp\/v2\/pages\/67\/revisions"}],"predecessor-version":[{"id":149,"href":"https:\/\/dazzling-greider.178-170-8-246.plesk.page\/index.php?rest_route=\/wp\/v2\/pages\/67\/revisions\/149"}],"wp:attachment":[{"href":"https:\/\/dazzling-greider.178-170-8-246.plesk.page\/index.php?rest_route=%2Fwp%2Fv2%2Fmedia&parent=67"}],"curies":[{"name":"wp","href":"https:\/\/api.w.org\/{rel}","templated":true}]}}